he units digit of r?
6
Let c = -36 - -41. Suppose 1523 - 28 = c*t. What is the hundreds digit of t?
2
Let j(p) = p**2 - 3*p - 4. Let c be j(4). Suppose -4*o + 8*o - 8 = c. Suppose k = -3*v + 8, -2*v - o*v + 4*k = 0. What is the units digit of v?
2
Suppose -2*t - 2*p = -15938, -3*t = -6*t + 3*p + 23955. What is the hundreds digit of t?
9
Let j(c) = -4*c + 28. Let v be j(17). Let d = 34 + v. Let f(y) = y**2 + 2*y + 13. What is the tens digit of f(d)?
3
Let f(x) = 257*x**2 - 2. Let i be f(-1). What is the hundreds digit of 2/(-4)*-2 - (-119 - i)?
3
Suppose -4*d - 4*q = -23920, 11 = 3*q + 5. Suppose -13*v + d = -2160. What is the units digit of v?
6
Let a(x) = 10*x**3 - 19*x**2 + 43*x - 247. What is the ten thousands digit of a(13)?
1
Let i(m) = -2*m**2 + 34*m - 104. Let k be i(12). Suppose 31*r - 27450 = k*r. What is the tens digit of r?
3
Let v = -89 - 93. Let g = v + 1197. What is the thousands digit of g?
1
Let t(r) be the first derivative of -r**3/3 + 39*r**2/2 - 59*r - 5. What is the tens digit of t(33)?
3
Suppose 379 = -7*j + 435. Suppose 4*w = 0, -2*b + 5*b = 4*w - 9. What is the tens digit of (b + j - -246) + 0?
5
What is the units digit of -6 + (-24)/(-8) + (-32106)/(-6)?
8
Suppose 4357 = -5*u + 647. Let w = 1153 + u. What is the hundreds digit of w?
4
Let x be (-8 - 0/(-1))*1/(-2). Suppose -20*v - x*m = -21*v + 25, 0 = -2*v - 3*m + 83. What is the tens digit of v?
3
Let o = 3805 - 639. What is the tens digit of o?
6
Suppose -6*l + 283953 = 11*l - 282147. What is the hundreds digit of l?
3
Let a(g) be the second derivative of -34*g**3/3 - 35*g**2/2 - 109*g. What is the units digit of a(-4)?
7
Suppose 0 = -4*j + r + 6596, -3*j - 3*r + 4947 = -5*r. Suppose -21*d + 661 = -j. What is the tens digit of d?
1
Let v = -54 - -54. Let d be 1/(-4) + 33/4 - v. Suppose -777 = -d*u - 137. What is the tens digit of u?
8
Suppose i = 4*j - 144244, -56098 = -5*j - 7*i + 124240. What is the ten thousands digit of j?
3
Let m(h) = 45*h**3 - 11*h**2 + 42*h - 16. What is the hundreds digit of m(5)?
5
Suppose 0 = 574*g - 603*g + 35612. What is the thousands digit of g?
1
Let f = -1553 - -3683. Let j = -1289 + f. What is the tens digit of j?
4
Let n(d) = -d**3 - 2*d**2 + d + 4. Let v be n(-3). Suppose -s + v + 23 = z, 3*s - 123 = 5*z. What is the tens digit of ((-15)/s + 3/4)*69?
2
Let j(v) = 1593*v**2 - 326*v. What is the tens digit of j(-2)?
2
Let r(u) = 18*u + 3. Let a be r(8). Let i(d) = 128*d + 835. Let x be i(-6). Suppose -68*s + a = -x*s. What is the hundreds digit of s?
1
Let m = -460 - -461. What is the tens digit of 470 - (-5 + m) - (3 - 0)?
7
What is the hundreds digit of 4490856/68 - 27/(-3)?
0
Suppose -4*q + 65*g + 68 = 69*g, -g - 13 = -q. Suppose -588 = f - q*f. What is the units digit of f?
2
Let y(w) = w**3 - w**2 + 2*w - 109. Let d be 1/((-32)/24) - (-6)/8. Let a be y(d). Let j = a + 321. What is the units digit of j?
2
Suppose 3*t + 50 = -2*k - t, 2*k + 2*t = -50. Let g be (-4)/10 - -3*(-1170)/k. Let p = g - 8. What is the units digit of p?
2
Suppose 3*d + 225855 = 66*d. What is the thousands digit of d?
3
Let v be (-20)/(-25)*(1 + 4). Let x be (2/4)/(6/2400). Suppose -v*l + 28 + x = 0. What is the units digit of l?
7
Suppose -81*t + 72*t + 55791 = 0. What is the thousands digit of t?
6
Let z(q) = 8*q**2 + 13*q - 6. Let r be z(-5). Suppose 4*f - 15 = 5*j + 101, -5*f + 145 = 2*j. Let u = r - f. What is the units digit of u?
0
Let y(z) = -84*z + 68. Let q(v) = 14*v - 8. Let r be q(0). What is the hundreds digit of y(r)?
7
Let b be 141 - 0 - 90/18. Let x(s) = -2*s**3 - 5*s**2 + 5*s - 7. Let m be x(-5). Let k = b - m. What is the tens digit of k?
4
Let i = -21 + 25. Suppose i*h + 109 = 4237. Suppose -4*n = -10*n + h. What is the units digit of n?
2
Let z = 93 - 90. Suppose 5*l - 36 = -z*s, -4*s - 2*l - 23 = -5*s. Suppose -s - 121 = -3*n. What is the units digit of n?
6
Suppose -37*p + 10303 - 3865 = 0. Suppose -p*j + 181*j = 2457. What is the units digit of j?
1
Let g(w) = -4*w**3 + 5*w**2 - 5*w - 11. Let c be g(-4). Let o = -78 + c. What is the tens digit of o?
6
Let z = -153 + 291. Let m = -93 + z. Suppose -y - 6*q = -2*q - m, -5*y + 159 = -2*q. What is the units digit of y?
3
Let b(t) = 227*t**2 - 11*t - 11. Let l(v) = -4*v - 14. Let w be l(-3). What is the units digit of b(w)?
9
What is the thousands digit of 33559 - (48/(-6) - (-16 + 20))?
3
Let d(z) = z**2 - 3. Let y = 63 + -42. Suppose 6 - y = 3*p. What is the units digit of d(p)?
2
Suppose -7*s = -4*s - 9. Suppose s*w - 623 = -5*b, -3*b + w + 100 = -271. What is the units digit of b?
4
Suppose r = -9*r + 15630. Let o = 732 + r. Suppose o = 8*t + t. What is the hundreds digit of t?
2
Suppose 0 = 3*u + 5*t - 112 - 109, -359 = -5*u + t. Let d be (4 + (-4 - 0)/4)*u. Suppose 4*x = d + 240. What is the hundreds digit of x?
1
Let o be (-75 + 78)/(-2 + (-5)/(-2)). Suppose 15*g - o*g - 13518 = 0. What is the thousands digit of g?
1
What is the tens digit of (-16 - -17)/((-3)/(-122925))?
7
Let s = -234 - -130. Let y = -1 - s. What is the tens digit of y?
0
Let c be ((-6855)/(-24) + (-1)/8)*2. Let s = c + -279. What is the tens digit of s?
9
Suppose 0*k + 5*t + 2161 = 3*k, k - t - 723 = 0. Let x = 1056 - k. What is the hundreds digit of x?
3
Let g be 36/54 + 560/6. Suppose 3*s - 44 = g. What is the units digit of s?
6
Let l(y) = 2*y - 60. Let t be l(0). Let x be 30/t + (-1 - (-329)/2). Let p = x - -12. What is the tens digit of p?
7
Let z be (7/(-14))/(-2*2/7376). Let a(t) = -t**3 - 7*t**2 + 9*t + 13. Let k be a(-8). Suppose -337 + z = k*m. What is the hundreds digit of m?
1
Let o be 6*(-4)/(12/3)*-13. Let f = 80 - o. Suppose j + 9*d - 4*d = 54, 4*j - f*d - 326 = 0. What is the tens digit of j?
7
What is the tens digit of 133 - (-69)/115*(8 - -2)?
3
Suppose 2*b = 2*f + 21384, 64*f - 53463 = -5*b + 68*f. What is the thousands digit of b?
0
Suppose 10478272 = 65*l + 159*l. What is the thousands digit of l?
6
Let x = 29 - -175. Let n = x + 436. What is the hundreds digit of n?
6
Suppose 8 = 4*f, 5*l - 3*f - 35062 = l. What is the units digit of l?
7
Let w be ((-40)/(-16))/(3*(-1)/(-6)). Suppose -w*j + 3858 = 2*x - 154, -5*j + 4006 = -4*x. What is the units digit of j?
2
Let m(h) = -2*h**2 - 11*h + 11. Let y be m(-6). Suppose -w + 4*r = 19 + 3, 5*w - y*r = -35. What is the units digit of -4 + (-7 - w) + 95?
6
Suppose 12*o = 11*o - 7, -86280 = -2*u - 4*o. What is the thousands digit of u?
3
Suppose -5*j - 27 = -132. Suppose -j*m + 18*m - 63 = 0. Let c = m + 74. What is the units digit of c?
3
Let o(j) = -17*j + 2. Let i be o(-1). Suppose -5*d + 55 = -2*v, -2*d + d = -2*v - i. Suppose -d*t = 4*t - 871. What is the units digit of t?
7
What is the tens digit of 12/(-18) - (272 + 2)/((-210)/12635)?
8
Let g be 0/(-2*2/(-4)). Suppose -k - 4*k + 4*b + 40 = g, -2*k = 2*b - 16. Suppose -6*c = -706 - k. What is the units digit of c?
9
Suppose 0 = 9*c + 13 + 95. Let n be 19 + (c/(-18))/(4/6). Let a(r) = r**3 - 20*r**2 + 3*r - 2. What is the tens digit of a(n)?
5
Suppose -2*r - 3*n = -16, 0 = 3*r - 5*n + n - 7. Suppose r*y = 2 + 13. What is the units digit of y?
3
Let z(b) = 3*b**2 + 15*b - 13. Let x be z(-32). Suppose 4*g + 4*w = -115 + x, -3*w - 600 = -g. What is the tens digit of g?
1
Let q = 31532 + -16221. What is the units digit of q?
1
Let r(l) = -9743*l - 109. What is the units digit of r(-4)?
3
Let l(i) be the first derivative of 7*i**5/30 - 2*i**4/3 - 8*i**3 + 38. Let v(a) be the third derivative of l(a). What is the tens digit of v(4)?
9
Suppose -65 = -4*g - 5. Let i be 6/4*15/(315/(-56)). What is the units digit of ((-5)/g*i)/(2/312)?
8
Let g(x) = -2*x**3 - 9*x**2 + 25*x. Suppose -10*u - 97 = 3. What is the tens digit of g(u)?
5
Suppose 7113 + 494 = r + 4*j, 0 = 2*r + 2*j - 15190. What is the units digit of r?
1
Let u(p) = -4*p + 39. Let m = 6 - 27. Let q be u(m). Suppose q - 1 = h. What is the tens digit of h?
2
Let n be ((-36)/(-27))/(2/1434). Suppose 3*l = 7*l + n. Let y = l + 375. What is the units digit of y?
6
Let u = -3707 - -9490. What is the tens digit of u?
8
Let o(r) = r**2 + 14*r + 24. Let v be o(-7). What is the hundreds digit of (21/12)/(v/(-8400))?
5
Let h(v) = 3*v**2 + 25*v + 12. Let f be h(-8). Let o be (-173)/3*3/((-4)/f). Suppose -5*p - 76 = -2*n + 3, 4*n + 5*p = o. What is the unit